-20
Let p(i) = -i**2 + 4*i + 28. What is p(9)?
-17
Let m(d) = d**3 + 6*d**2 - 4. Give m(-6).
-4
Let h(n) = -n**3 + 32*n**2 - 2*n + 80. Calculate h(32).
16
Let k(a) = -a**2 - 12*a + 11. Calculate k(-12).
11
Let d(b) = 8*b + 92. Give d(-11).
4
Let y(b) = 20*b + 100. What is y(-6)?
-20
Let q(x) = -5*x - 63. Give q(-11).
-8
Let a(n) = -n**3 - 3*n**2 + 43*n + 28. What is a(-8)?
4
Let f(g) = -3*g - 5. Give f(-2).
1
Let n(y) = -2*y - 15. Give n(-22).
29
Let a(h) = h**2 - 2*h - 16. Give a(-3).
-1
Let d(z) = 8*z + 1. Calculate d(-1).
-7
Let x(j) = j**2 - 4. Determine x(-2).
0
Let b(o) = o**3 - 4*o**2 + o + 3. Give b(4).
7
Let t(v) = 2*v**3 - 9*v**2 - 8*v + 11. Determine t(5).
-4
Let b(p) = 2*p**2 - 12*p + 1. Give b(6).
1
Let v(p) = -p**3 + 14*p**2 - 16*p + 20. What is v(13)?
-19
Let m(v) = 7*v**2 + v - 1. What is m(-2)?
25
Let i(v) = -v**2 + 22*v - 80. Give i(17).
5
Let u(i) = 7*i + 175. Give u(-26).
-7
Let x(f) = -7*f - 21. Give x(-4).
7
Let b(s) = -s**2 + 5*s. Calculate b(6).
-6
Let z(j) = j**2 + 2*j - 20. Calculate z(-10).
60
Let m(z) = -z**2 + 17*z. Give m(17).
0
Let s(t) = 89*t - 2. Give s(1).
87
Let w(d) = 4*d + 23. Calculate w(-4).
7
Let n(w) = 7*w**2 + w - 6. Calculate n(-3).
54
Let h(c) = -c**3 - 10*c**2 - 22*c - 49. Determine h(-8).
-1
Let z(o) = -3*o + 20. Give z(-3).
29
Let i(f) = f**2 - 2*f - 4. Determine i(3).
-1
Let o(q) = -4*q + 31. Determine o(10).
-9
Let d(j) = 21*j - 128. Give d(6).
-2
Let v(z) = -z**3 + 7*z**2 + 5*z - 5. What is v(6)?
61
Let s(i) = -21*i**3 + i**2 - i + 1. Determine s(1).
-20
Let c(i) = -i + 19. Calculate c(0).
19
Let s(h) = -h**2 - 11*h - 15. Give s(-11).
-15
Let q(l) = 2*l**2 - 41*l + 19. Give q(20).
-1
Let f(y) = 8*y + 189. What is f(0)?
189
Let d(z) = -2*z**3 + 4*z - 2. Calculate d(3).
-44
Let i(r) = r - 24. Give i(-14).
-38
Let p(s) = -s**3 + 13*s**2 - 4*s + 57. What is p(13)?
5
Let l(t) = 2*t + 7. Determine l(-10).
-13
Let n(c) = c**3 - 9*c**2 - 50*c. What is n(13)?
26
Let m(a) = a**3 + 9*a**2 - 14*a + 85. What is m(-11)?
-3
Let q(w) = -w**2 - 7*w + 3. Calculate q(-5).
13
Let w(u) = -u**2 + 15*u - 18. What is w(14)?
-4
Let i(o) = 44*o + 90. Give i(-2).
2
Let v(x) = -31*x + 12. Determine v(-3).
105
Let q(d) = -d**3 + 6*d**2 + 2*d - 9. Give q(6).
3
Let w(u) = -18*u**3 - u**2 - u + 1. Give w(-1).
19
Let s(t) = -4*t - 36. What is s(-8)?
-4
Let v(y) = -y**3 + 12*y**2 + 14*y - 10. Give v(13).
3
Let k(v) = -v**3 - v**2 - v + 4. Determine k(0).
4
Let l(p) = -p**3 - 10*p**2 + 3*p + 29. Determine l(-10).
-1
Let u(y) = -12*y - 196. What is u(-16)?
-4
Let v(b) = -b**3 + 4*b**2 + 3*b - 4. What is v(2)?
10
Let o(a) = -a**3 - a**2 + 6*a - 5. Calculate o(2).
-5
Let p(o) = -o**3 + 4*o**2 - 2*o - 1. Determine p(2).
3
Let m(n) = n + 2. Calculate m(8).
10
Let r(y) = -y**3 + 3*y**2 + y. Calculate r(-2).
18
Let b(n) = -6*n - 21. Give b(-4).
3
Let p(n) = n**2 - 6*n + 9. What is p(7)?
16
Let v(x) = x**3 - 8*x**2 - 11*x - 5. Give v(9).
-23
Let n(l) = l**2 - 8*l + 11. Calculate n(7).
4
Let h(z) = z**3 - 6*z**2 + z + 4. Determine h(5).
-16
Let i(g) = -g**2 - 10*g + 8. Calculate i(-11).
-3
Let f(k) = -k**2 + 29*k - 9. Determine f(29).
-9
Let z(c) = -c - 12. Determine z(0).
-12
Let n(p) = 2*p - 1. Calculate n(6).
11
Let u(q) = 35*q + 1. Calculate u(-1).
-34
Let j(c) = -3*c + 50. Calculate j(23).
-19
Let w(t) = -t**2 + 10*t - 26. Determine w(12).
-50
Let j(v) = 3*v - 45. Give j(13).
-6
Let p(l) = -7*l - 1. Calculate p(-1).
6
Let d(z) = 6*z + 1. What is d(3)?
19
Let f(k) = 3*k**2 + 46*k + 97. Calculate f(-13).
6
Let c(j) = -j**2 - 13*j - 23. What is c(-13)?
-23
Let t(a) = 77*a - 214. Give t(3).
17
Let v(o) = -6*o + 3. Give v(4).
-21
Let f(z) = -2*z. Give f(-8).
16
Let w(j) = j**3 + 10*j**2 + j + 8. Give w(-9).
80
Let x(o) = -2*o**3 + 7*o**2 - 2*o + 1. Determine x(3).
4
Let w(n) = -n**3 - 9*n**2 - 5*n - 1. What is w(-8)?
-25
Let g(i) = i**3 - i**2 + i + 19. Calculate g(0).
19
Let o(r) = 3*r**2 - 39*r + 19. Give o(12).
-17
Let g(n) = n**3 + 4*n**2 + 7*n - 2. Calculate g(-2).
-8
Let g(x) = -x**2 - 7*x - 3. Give g(-3).
9
Let m(b) = 2*b**2 - 22*b + 54. Calculate m(9).
18
Let p(o) = 32*o - 15. What is p(2)?
49
Let o(q) = -46*q**2 - 20*q + 19. Determine o(1).
-47
Let y(b) = -b**2 - 13*b - 11. Give y(-12).
1
Let u(d) = -d + 7. What is u(10)?
-3
Let x(l) = 5*l - 11. Give x(5).
14
Let l(q) = -17*q**2 + 7*q - 2. Calculate l(1).
-12
Let s(b) = -b**3 + 5*b**2 + 6*b - 3. Calculate s(6).
-3
Let f(t) = t**2 - 2*t - 2. What is f(2)?
-2
Let k(u) = u**3 - 11*u**2 - 13*u + 17. Determine k(12).
5
Let y(h) = h**3 - 11*h**2 + h + 11. Give y(11).
22
Let r(c) = -19*c - 64. Calculate r(-3).
-7
Let w(c) = -c**2 - 25*c - 71. Determine w(-22).
-5
Let w(r) = -17*r - 11. Determine w(-7).
108
Let r(i) = 4*i - 25. What is r(17)?
43
Let t(x) = 4*x - 7. Give t(4).
9
Let p(w) = 6*w**2 + 3*w + 1. What is p(-2)?
19
Let q(w) = w**3 + 8*w**2 + 7*w + 4. Calculate q(-7).
4
Let r(l) = l + 24. Calculate r(-20).
4
Let k(u) = -u + 61. Determine k(15).
46
Let d(k) = k**3 + 7*k**2 - 4*k + 4. Give d(-8).
-28
Let m(y) = 9*y + 66. What is m(-8)?
-6
Let v(q) = 2*q + 30. What is v(21)?
72
Let t(l) = 5*l - 4. Determine t(7).
31
Let g(p) = -13*p + 22. Give g(-8).
126
Let y(h) = -3*h**2 + 143*h - 94. Calculate y(47).
0
Let m(g) = -2*g**2 - 5*g - 119. Calculate m(0).
-119
Let q(o) = -o**3 - 2*o**2 - 19*o + 15. What is q(0)?
15
Let x(d) = 15*d**3 + 5*d - 6. Calculate x(1).
14
Let v(w) = -7*w - 44. Give v(-10).
26
Let q(l) = l**3 + 6*l**2 - 5. Calculate q(-5).
20
Let w(p) = -p**3 + 20*p**2 - 62*p - 16. Calculate w(16).
16
Let n(j) = j**2 + 16*j + 22. Calculate n(-15).
7
Let b(g) = -6*g**2 - 51*g - 20. Calculate b(-8).
4
Let f(r) = -6*r**3. What is f(1)?
-6
Let g(n) = n - 1. Calculate g(-5).
-6
Let y(g) = -g**2 + 19*g + 22. Give y(20).
2
Let g(t) = t**3 - 19*t**2 + 37*t - 53. Calculate g(17).
-2
Let j(l) = 3*l**2 - 17*l. What is j(6)?
6
Let w(y) = y**3 + 13*y**2 + 33*y + 30. Give w(-10).
0
Let y(v) = v**2 - 2*v - 1. Determine y(-1).
2
Let y(i) = -i**3 + 7*i**2 - 6*i. Give y(4).
24
Let y(n) = -n**3 + 4*n**2 - 3*n + 3. What is y(3)?
3
Let l(n) = -6*n**2 - 3*n + 4. What is l(-2)?
-14
Let w(p) = -4*p + 32. What is w(3)?
20
Let w(d) = -2*d**2 + d + 7. Determine w(-3).
-14
Let w(r) = -r**2 + 9*r - 14. What is w(8)?
-6
Let p(f) = 7*f + 64. What is p(-13)?
-27
Let o(n) = 10*n - 22. Calculate o(5).
28
Let b(q) = -2*q + 2. Give b(21).
-40
Let t(g) = -g**2 - g + 230. Calculate t(14).
20
Let h(t) = t**3 + 5*t**2 - t + 10. Determine h(-7).
-81
Let o(m) = -2*m**3 + 6*m**2 + 7*m - 5. Give o(4).
-9
Let s(c) = c**3 + 3*c**2 + c. Calculate s(-3).
-3
Let r(y) = y**3 + 19*y**2 - 19*y + 14. What is r(-20)?
-6
Let c(d) = d**3 - d**2 - 3*d + 1. What is c(0)?
1
Let z(h) = h**3 + h - 69. What is z(0)?
-69
Let b(d) = 4*d**2 - 29*d + 52. Give b(4).
0
Let d(l) = 13*l - 629. Give d(48).
-5
Let n(m) = 39*m**2 - m - 1. Give n(-1).
39
Let m(t) = t + 6. Give m(-5).
1
Let h(a) = -a**3 + 48*a**2 + 99*a + 49. Give h(50).
-1
Let i(z) = -16*z + 1. Calculate i(-3).
49
Let m(l) = -16*l + 55. Determine m(6).
-41
Let h(l) = l**2 + 24*l - 32. Calculate h(-25).
-7
Let v(w) = -w**3 - 13*w**2 + 14*w + 9. Give v(-14).
9
Let v(q) = -q**2 - 4*q + 4. What is v(-7)?
-17
Let b(s) = -26*s - 9. Determine b(-4).
95
Let f(v) = -21*v + 203. Give f(10).
-7
Let p(x) = 18*x**2 - x. Calculate p(1).
17
Let o(x) = 15*x - 3. Determine o(-1).
-18
Let k(o) = -o**2 + 18*o + 33. Calculate k(20).
-7
Let f(l) = -10*l + 39. Calculate f(12).
-81
Let m(l) = 2*l**3 - 2*l**2 - 2*l + 1. What is m(3)?
31
Let l(c) = 2*c**3 + 56*c**2 - c - 8. Give l(-28).
20
Let g(f) = -4*f**2 + 3*f + 20. What is g(-3)?
-25
Let a(r) = -6*r - 1. Calculate a(13).
-79
Let j(y) = -y**3 + 23*y**2 - 25*y + 41. Give j(22).
-25
Let f(p) = p**2 + 19*p - 17. Give f(-12).
-101
Let d(g) = -g**3 - g**2 + 6*g + 5. Calculate d(5).
-115
Let s(j) = j**3 + 5*j**2 - 6*j - 26. What is s(-4)?
14
Let i(w) = -w**3 - 8*w**2 - 10*w - 16. Give i(-7).
5
Let n(x) = -8*x**2 + 17*x - 1. Give n(2).
1
Let d(q) = 3*q - 14. Determine d(-6).
-32
Let l(k) = -k - 7. Give l(-9).
2
Let d(t) = -4*t + 115. Calculate d(28).
3
Let d(k) = -k**2 - 10*k + 4. Give d(-4).
28
Let f(p) = 13*p - 7. What is f(1)?
6
Let p(y) = y**2 - 15*y - 5. Give p(15).
-5
Let s(u) = -2*u**2 + 3*u + 12. Give s(4).
-8
Let w(o) = -6*o - 35. Determine w(6).
